 1296?
16
What is the greatest common factor of 900365 and 5?
5
What is the highest common divisor of 40 and 158580?
20
Calculate the highest common factor of 552 and 20838.
138
Calculate the greatest common divisor of 23423 and 1121.
59
What is the highest common factor of 360 and 30720?
120
What is the greatest common divisor of 32 and 860624?
16
What is the greatest common divisor of 674843 and 37?
37
What is the highest common divisor of 5196493 and 503?
503
Calculate the highest common divisor of 65333 and 632.
79
What is the highest common divisor of 63 and 37?
1
What is the highest common factor of 7000 and 1244000?
1000
Calculate the highest common factor of 108 and 42.
6
What is the greatest common divisor of 35424 and 38304?
288
What is the greatest common factor of 29214 and 144?
18
What is the highest common divisor of 11118 and 187?
17
What is the highest common factor of 68435 and 355?
5
Calculate the greatest common divisor of 1400 and 11732.
28
What is the highest common divisor of 30 and 1424145?
15
Calculate the greatest common divisor of 161150 and 17873.
293
Calculate the greatest common divisor of 11 and 313225.
11
What is the highest common factor of 1755 and 2496?
39
Calculate the highest common divisor of 104260 and 260.
260
Calculate the greatest common divisor of 36660 and 20445.
705
What is the highest common divisor of 8464 and 7136?
16
What is the greatest common factor of 421278 and 6864?
858
Calculate the greatest common divisor of 3122 and 700.
14
What is the greatest common factor of 80 and 30300?
20
What is the highest common factor of 616 and 5658576?
616
What is the greatest common factor of 721162 and 26?
26
Calculate the highest common divisor of 44 and 1046672.
44
What is the highest common divisor of 628 and 9263?
157
What is the highest common divisor of 369 and 14719?
41
What is the greatest common factor of 3124 and 924?
44
What is the highest common factor of 192294 and 324?
162
Calculate the greatest common factor of 3896131 and 2806.
1403
What is the highest common divisor of 2002 and 186368?
182
What is the greatest common factor of 1584 and 22?
22
What is the highest common divisor of 167601 and 483?
483
Calculate the greatest common factor of 140 and 70945.
35
What is the highest common divisor of 66893 and 20687?
151
What is the highest common factor of 2115 and 21573?
423
Calculate the greatest common divisor of 1088 and 226372.
68
What is the highest common factor of 26 and 68458?
26
Calculate the greatest common divisor of 1847680 and 1280.
640
What is the highest common divisor of 4932 and 11358?
18
Calculate the highest common factor of 68 and 1397978.
34
Calculate the highest common factor of 455 and 1079260.
455
What is the highest common factor of 16575 and 70395?
195
Calculate the highest common divisor of 42690 and 30.
30
What is the greatest common factor of 24 and 840156?
12
What is the greatest common factor of 20767 and 247?
19
What is the greatest common divisor of 13480 and 13800?
40
Calculate the greatest common factor of 113025 and 5343.
411
What is the highest common divisor of 36396 and 135?
27
Calculate the greatest common divisor of 3525 and 2100.
75
What is the greatest common factor of 3276 and 122148?
468
What is the greatest common divisor of 92708 and 31262?
1078
What is the greatest common factor of 113421 and 2013?
33
Calculate the highest common factor of 16840 and 480.
40
Calculate the greatest common factor of 61 and 44042.
61
What is the greatest common factor of 2 and 3847?
1
Calculate the greatest common divisor of 38 and 115387.
19
Calculate the greatest common divisor of 544208 and 112.
112
What is the greatest common factor of 546 and 414?
6
What is the highest common divisor of 3944 and 4811?
17
What is the greatest common factor of 4778 and 106?
2
What is the highest common divisor of 1259 and 3914231?
1259
Calculate the greatest common factor of 106329 and 368.
23
What is the highest common divisor of 98 and 723583?
49
What is the greatest common divisor of 19504 and 7613?
23
What is the highest common factor of 108 and 1741392?
108
What is the greatest common factor of 10435 and 200?
5
Calculate the greatest common factor of 128277 and 27.
27
What is the highest common divisor of 7328 and 32?
32
Calculate the highest common factor of 1728 and 927.
9
Calculate the highest common factor of 9517 and 2139.
31
Calculate the highest common factor of 885 and 6126855.
885
Calculate the highest common divisor of 636620 and 20.
20
What is the highest common divisor of 482 and 3003583?
241
What is the greatest common factor of 37759 and 183?
61
Calculate the highest common divisor of 29713 and 43.
43
What is the greatest common factor of 1491 and 7357?
7
Calculate the highest common factor of 526 and 51811.
263
Calculate the highest common factor of 73243 and 1.
1
Calculate the highest common divisor of 473665 and 2440.
305
Calculate the highest common factor of 15523 and 12470.
43
What is the greatest common divisor of 20 and 1088?
4
Calculate the greatest common factor of 257092 and 8.
4
Calculate the highest common factor of 34 and 62645.
17
Calculate the greatest common factor of 15776 and 237568.
928
Calculate the highest common factor of 38555 and 176.
11
Calculate the highest common divisor of 518 and 1448.
2
Calculate the greatest common factor of 42545 and 46355.
635
Calculate the greatest common divisor of 1550 and 4775.
25
What is the greatest common divisor of 39860 and 40?
20
What is the highest common divisor of 4120 and 130295?
515
What is the greatest common divisor of 6858 and 508?
254
What is the greatest common factor of 7802 and 16766?
166
Calculate the greatest common divisor of 23737065 and 33.
33
Calculate the greatest common divisor of 22595 and 295.
5
What is the greatest common divisor of 585 and 4524?
39
Calculate the highest common divisor of 3785188 and 88.
44
What is the greatest common divisor of 25416 and 132?
12
What is the greatest common divisor of 3421215 and 135?
45
Calculate the greatest common factor of 93768 and 48.
24
What is the greatest common divisor of 7671 and 213?
3
What is the greatest common factor of 87413 and 61?
61
Calculate the greatest common factor of 3060 and 460800.
180
What is the highest common divisor of 33856 and 656?
16
What is the highest common factor of 2896 and 16?
16
Calculate the greatest common divisor of 1034316 and 54.
54
What is the greatest common factor of 818 and 64213?
409
What is the highest common factor of 169 and 669227?
13
What is the greatest common factor of 5155 and 3?
1
What is the highest common divisor of 2800 and 272160?
560
What is the highest common factor of 42315 and 546?
273
Calculate the greatest common divisor of 209951 and 178.
89
Calculate the greatest common divisor of 2670 and 5682.
6
What is the highest common divisor of 4113 and 12?
3
What is the greatest common divisor of 10 and 711910?
10
Calculate the highest common divisor of 47912 and 590312.
904
What is the greatest common factor of 20 and 76415?
5
Calculate the greatest common divisor of 14 and 244846.
14
Calculate the highest common factor of 66357 and 27.
9
Calculate the greatest common divisor of 2840 and 2680.
40
What is the greatest common divisor of 250 and 2146125?
125
What is the highest common divisor of 22 and 11957?
11
Calculate the greatest common divisor of 1081 and 36425.
47
Calculate the highest common divisor of 2109 and 76627.
703
Calculate the greatest common factor of 1152 and 531.
9
What is the greatest common divisor of 8415 and 135?
45
What is the highest common factor of 15220 and 60?
20
Calculate the highest common factor of 11960 and 80.
40
Calculate the highest common divisor of 2567 and 3624.
151
Calculate the greatest common factor of 14 and 48776.
14
Calculate the greatest common factor of 65 and 10933.
13
What is the greatest common factor of 7475 and 4550?
325
What is the greatest common factor of 64766 and 1081?
47
Calculate the highest common factor of 2287956 and 44.
44
What is the greatest common divisor of 1122057 and 9?
9
What is the highest common factor of 82795 and 2755?
145
What is the highest common divisor of 48 and 8184?
24
Calculate the highest common factor 